 -5ac85 (base 15) in base 13?
-a1b28
Convert 22122021112210 (base 3) to base 4.
101201000121
Convert 30616103 (base 7) to base 8.
11647156
What is -372547 (base 9) in base 5?
-24144410
37959 (base 14) to base 4
201101223
Convert d3cba (base 16) to base 7.
10242124
681a59 (base 11) to base 9
2034680
What is -131638 (base 9) in base 6?
-1414142
532250122 (base 6) to base 13
1c263b3
-133241441 (base 6) to base 10
-2680513
Convert 1103324 (base 8) to base 9.
501842
Convert -272051 (base 13) to base 6.
-32144045
What is -2662233 (base 7) in base 5?
-42220404
1141122323 (base 5) to base 6
133211340
What is -808689 (base 14) in base 12?
-1547469
Convert -2a6336 (base 12) to base 9.
-1310876
What is 5918326 (base 10) in base 5?
3003341301
Convert 7371153 (base 9) to base 7.
45344412
What is 4329076 (base 10) in base 7?
51540133
Convert dd370 (base 15) to base 8.
2534474
What is -11160b9 (base 13) in base 11?
-2a59984
Convert 22010552 (base 6) to base 9.
1207055
10001001101111111000001 (base 2) to base 3
22111022200011
What is 210110222220 (base 3) in base 2?
1100111001110100001
13460207 (base 9) to base 4
121120101133
120210202102 (base 3) to base 8
1137501
What is 111110000111000001001 (base 2) in base 9?
3741703
-3d76c1 (base 14) to base 6
-113421001
Convert -118301 (base 11) to base 15.
-3a4be
-112213132120 (base 4) to base 14
-b0493a
Convert -221001022002 (base 3) to base 10.
-493022
Convert 10346131 (base 9) to base 16.
4c277b
Convert -30011212 (base 5) to base 6.
-5012450
1aa81 (base 15) to base 12
4224a
-1264051 (base 8) to base 4
-1112200221
What is 129641 (base 10) in base 14?
35361
Convert -1111110110111110101101 (base 2) to base 11.
-238a536
b4856 (base 12) to base 4
321223002
Convert 7959 (base 12) to base 2.
11010010010101
58084 (base 9) to base 8
113471
1100300011 (base 4) to base 2
1010000110000000101
646015 (base 9) to base 11
243223
What is 23b3a8 (base 13) in base 10?
853081
What is -4555849 (base 10) in base 2?
-10001011000010001001001
What is 11000110010000101 (base 2) in base 5?
11222014
Convert -7677667 (base 8) to base 13.
-5737b2
Convert -295796 (base 14) to base 4.
-11132233020
Convert 1c2b8b (base 13) to base 7.
6060162
Convert 114354235 (base 6) to base 11.
125762a
Convert -111000 (base 9) to base 12.
-32483
What is -20221210212212 (base 3) in base 6?
-211122122
2434413 (base 5) to base 8
132231
What is 21222221 (base 3) in base 5?
141310
2323011 (base 9) to base 8
4623664
What is -2232320223 (base 4) in base 10?
-716331
Convert 36489 (base 15) to base 11.
109103
What is -6a3d83 (base 14) in base 11?
-2054297
-b5b890 (base 14) to base 2
-10111011011000001110110
What is 6dd997 (base 14) in base 9?
7066114
What is -626137 (base 9) in base 5?
-43400110
Convert -104072 (base 10) to base 12.
-50288
410316 (base 8) to base 14
37498
What is 10002210133 (base 4) in base 6?
34411131
What is -122975 (base 16) in base 2?
-100100010100101110101
-1241446 (base 9) to base 4
-2211100032
What is 119439c (base 15) in base 9?
25664273
What is 26103 (base 9) in base 11?
12232
-6e2c3 (base 15) to base 12
-14b5a9
Convert -616220 (base 7) to base 11.
-72220
What is -11020010121022 (base 3) in base 16?
-224759
What is -58949 (base 15) in base 11?
-183043
Convert 3184bc (base 14) to base 4.
12120320212
Convert 2927 (base 12) to base 9.
6504
-135025 (base 11) to base 16
-33ac8
Convert c14d24 (base 16) to base 9.
25747443
Convert 966b9 (base 12) to base 15.
3d9ec
What is 120060 (base 8) in base 7?
230362
Convert 10011101101001111100 (base 2) to base 10.
645756
-266766 (base 12) to base 8
-2325276
1ad868 (base 15) to base 7
14101214
What is 3623134 (base 7) in base 6?
13504114
What is -53110542 (base 6) in base 12?
-628452
-23335523 (base 7) to base 9
-3778252
-247546 (base 9) to base 16
-24984
What is 30252535 (base 6) in base 14?
186455
What is 270010 (base 8) in base 11?
64871
What is 2413106 (base 7) in base 13?
a9394
What is -549851 (base 15) in base 16?
-3d848a
Convert 10520950 (base 10) to base 4.
220020211312
6c0ca (base 14) to base 6
5352214
What is -232323 (base 7) in base 12?
-20143
-656215 (base 8) to base 14
-5a3db
Convert 1bd6a (base 14) to base 7.
414463
What is -4010143 (base 5) in base 13?
-229a6
Convert -344444133 (base 5) to base 16.
-17d732
What is 291966 (base 12) in base 11?
42a4a0
What is -41560 (base 7) in base 3?
-112001001
1110000101101001111 (base 2) to base 9
773231
What is -10100010110001111001 (base 2) in base 12?
-281a21
What is 145604 (base 7) in base 13?
cc26
Convert 13b9b8 (base 15) to base 2.
11101000000100101101
-15dca (base 14) to base 13
-1bc82
Convert 1011100011101 (base 3) to base 13.
187a02
What is -88a84 (base 12) in base 6?
-3515044
Convert 1101001000000101010 (base 2) to base 5.
102230442
2321434302 (base 5) to base 14
9b0a00
-22041413 (base 5) to base 9
-318850
3c570 (base 15) to base 8
572105
111331302 (base 4) to base 11
61661
Convert -236239 (base 13) to base 6.
-30013221
-1440145 (base 6) to base 9
-135772
-4a86 (base 13) to base 4
-2211130
-1885515 (base 9) to base 5
-232413020
Convert -1111122121121 (base 3) to base 7.
-6541555
2ab5b4 (base 12) to base 15
e4bad
-5073024 (base 8) to base 10
-1340948
-31102334 (base 5) to base 16
-3de1d
Convert -1121564 (base 7) to base 16.
-22274
-123121031300 (base 4) to base 6
-413530052
What is -11000101010101001001 (base 2) in base 8?
-3052511
-248dd (base 15) to base 9
-187141
Convert -67001 (base 15) to base 10.
-327376
Convert 2364466 (base 8) to base 13.
199847
What is -1028893 (base 10) in base 12?
-417511
Convert -11010222012102 (base 3) to base 16.
-21a109
37102 (base 8) to base 7
64316
What is -238030 (base 10) in base 6?
-5033554
Convert 84b50 (base 12) to base 14.
47804
What is b5b32 (base 12) in base 14?
62c18
2168175 (base 9) to base 7
12631100
What is -1e3523 (base 15) in base 6?
-51413040
-302ab2 (base 15) to base 6
-121005152
Convert 10001000110011010 (base 2) to base 6.
1300134
Convert 64e33 (base 16) to base 2.
1100100111000110011
What is -25bbd (base 16) in base 7?
-1212414
-3230031 (base 6) to base 11
-a9864
-22445 (base 8) to base 13
-4436
What is 7a489 (base 13) in base 9?
368418
What is -15237676 (base 9) in base 5?
-3420133423
Convert -6362350 (base 7) to base 6.
-24312101
Convert 140261026 (base 7) to base 5.
4312413411
-2059434 (base 10) to base 15
-2aa309
14130488 (base 10) to base 15
1391c28
4374643 (base 10) to base 4
100230001303
What is 111235130 (base 6) in base 3?
10210222020000
Convert 165483 (base 11) to base 4.
332201333
-22200233 (base 4) to base 3
-2012001122
What is 656242 (base 7) in base 2?
11100000101011001
101000111000010110101101 (base 2) to base 16
a385ad
What is -10746121 (base 9) in base 3?
-100211120010201
What is -83474 (base 11) in base 9?
-204826
2404004204 (base 5) to base 3
101102001012122
What is -14c62 (base 15) in base 16?
-10565
Convert 6072235 (base 8) to base 12.
6535b9
-13120010110 (base 4) to base 11
-1100808
What is 11b888 (base 12) in base 2?
1000110110000101000
Convert -1011121200220 (base 3) to base 13.
-18a36b
What is 110100111100100010 (base 2) in base 6?
4352002
-3046a9 (base 13) to base 8
-4222754
What is -11001010010000010 (base 2) in base 8?
-312202
Convert -22140c1 (base 13) to base 2.
-100111110011010010101110
Convert 549c7 (base 15) to base 14.
6dd89
-2233112 (base 8) to base 6
-20535002
Convert 13da43 (base 14) to base 6.
22445551
What is -1012122021112 (base 3) in base 6?
-21434152
Convert c3902 (base 16) to base 8.
3034402
185434 (base 13) to base 4
2111102131
What is -42827 (base 11) in base 8?
-171417
What is 1110100220 (base 3) in base 5?
1404243
What is -98281a (base 11) in base 5?
-400221423
What is -32112232033 (base 4) in base 11?
-2140299
What is 224c6a (base 13) in base 3?
1112011221200
30414402 (base 5) to base 13
88c0a
What is 61000363 (base 7) in base 8?
23231033
What is -3e00b (base 15) in base 12?
-972a8
Convert 337147 (base 9) to base 6.
4155241
Convert 210215450 (base 6) to base 2.
1101111100111000110110
What is -6030245 (base 7) in base 8?
-2561014
What is 22323a (base 11) in base 8?
1266516
11264002 (base 7) to base 5
223144321
Convert 35421544 (base 6) to base 4.
10032110020
Convert -5157012 (base 10) to base 15.
-6bd00c
Convert -1110010110100101000 (base 2) to base 